
True
Is 187441 composite?
False
Is 290956483 a prime number?
False
Is 22920133 prime?
True
Is 373003 a prime number?
True
Is 7139995 prime?
False
Is 314747 prime?
True
Is 2743219 a prime number?
True
Is 14893409 a prime number?
True
Is 152966651 a prime number?
False
Is 146523737 a composite number?
True
Is 20498971 a composite number?
False
Is 93602174 a prime number?
False
Is 103656547 a composite number?
False
Is 211860323 a composite number?
False
Is 6032777 a composite number?
False
Is 2181995 prime?
False
Is 69528587 prime?
False
Is 1018758805 a prime number?
False
Is 2125241 composite?
True
Is 23908009 prime?
False
Is 72792413 prime?
True
Is 8275861 prime?
False
Is 149129483 prime?
False
Is 43303837 prime?
True
Is 12391697 composite?
True
Is 470993 prime?
True
Is 85471361 a composite number?
False
Is 18617249 a prime number?
False
Is 2156021 prime?
False
Is 80261507 a prime number?
True
Is 215482307 composite?
False
Is 15094613 prime?
False
Is 257671493 a prime number?
True
Is 16580503 a prime number?
True
Is 4208123 a composite number?
False
Is 195474161 a prime number?
True
Is 258010967 a composite number?
False
Is 1728403 composite?
False
Is 6274981 composite?
False
Is 5139859 prime?
True
Is 5523009 composite?
True
Is 16004411 prime?
True
Is 77149157 prime?
False
Is 6020351 prime?
True
Is 606835 composite?
True
Is 148007393 prime?
True
Is 1303453 a composite number?
False
Is 122288789 a composite number?
True
Is 3687401 a composite number?
False
Is 47586379 a prime number?
False
Is 20992802 prime?
False
Is 381413 composite?
False
Is 281971517 composite?
False
Is 245013 a prime number?
False
Is 2058389 a prime number?
True
Is 39638539 composite?
False
Is 1509499 a composite number?
True
Is 97508839 prime?
True
Is 43355237 a prime number?
True
Is 6732269 a prime number?
True
Is 297527 composite?
True
Is 910297 a composite number?
True
Is 398551 a prime number?
False
Is 2563231 composite?
True
Is 1744763 prime?
False
Is 58313561 prime?
False
Is 9563429 a composite number?
False
Is 59069639 a composite number?
True
Is 43008197 composite?
True
Is 822517 a composite number?
False
Is 38535253 composite?
True
Is 172379 a composite number?
True
Is 498275251 a composite number?
False
Is 1893841 composite?
True
Is 42231767 a prime number?
True
Is 43920403 a prime number?
True
Is 1155053 a composite number?
False
Is 2401807 composite?
False
Is 33917929 composite?
True
Is 5524027 prime?
True
Is 186808861 composite?
True
Is 35312569 prime?
True
Is 588347 composite?
False
Is 4791737 prime?
True
Is 1022887087 prime?
False
Is 326423 prime?
False
Is 459094553 prime?
False
Is 122510359 composite?
False
Is 2538857 a composite number?
True
Is 142399 a composite number?
True
Is 3032177 composite?
False
Is 131984687 a prime number?
True
Is 11361587 composite?
True
Is 66433657 a composite number?
False
Is 54334615 prime?
False
Is 324505473 a composite number?
True
Is 1570327 a composite number?
True
Is 373273 a composite number?
False
Is 12550813 composite?
True
Is 1213543 prime?
False
Is 186911159 a composite number?
True
Is 109003277 a prime number?
True
Is 31054787 a prime number?
True
Is 2387269 a prime number?
True
Is 107507 a composite number?
False
Is 81459089 prime?
False
Is 5370019 composite?
False
Is 1302647 prime?
True
Is 14605546 a composite number?
True
Is 1999331 a composite number?
False
Is 12310399 a composite number?
True
Is 1065763 prime?
True
Is 9026429 a composite number?
False
Is 14249431 prime?
False
Is 22494929 composite?
False
Is 2185241 prime?
True
Is 20964497 a prime number?
True
Is 3429403 composite?
False
Is 537395847 prime?
False
Is 473219 a composite number?
False
Is 13747759 prime?
True
Is 696737 a composite number?
False
Is 1238149 a composite number?
True
Is 739099 a prime number?
True
Is 214951 a prime number?
False
Is 1096534073 composite?
True
Is 13134599 composite?
False
Is 88265893 a prime number?
True
Is 300972731 composite?
False
Is 10553349 composite?
True
Is 9821593 composite?
False
Is 398893 prime?
False
Is 173423059 composite?
True
Is 912181 a prime number?
False
Is 14954249 a composite number?
True
Is 5074077 prime?
False
Is 93593477 a composite number?
True
Is 8433367 composite?
False
Is 14862053 prime?
False
Is 86081269 prime?
True
Is 648371 prime?
True
Is 12576829 composite?
False
Is 1447727 prime?
True
Is 9999161 a prime number?
True
Is 1290583 a composite number?
True
Is 12112819 prime?
True
Is 2364067 a prime number?
True
Is 14290427 composite?
True
Is 2237951 a prime number?
True
Is 1231843 prime?
True
Is 4040819 a composite number?
True
Is 798304339 a prime number?
False
Is 5189797 a prime number?
True
Is 44856589 a composite number?
False
Is 74871878 a composite number?
True
Is 17508743 a prime number?
False
Is 146117 a composite number?
False
Is 36518777 composite?
True
Is 5005967 prime?
False
Is 9945521 a prime number?
False
Is 13364393 composite?
True
Is 146964589 a composite number?
True
Is 10235803 composite?
False
Is 169651501 composite?
False
Is 33839709 composite?
True
Is 3874813 a prime number?
False
Is 6001894 prime?
False
Is 1789098897 a composite number?
True
Is 1178663 a prime number?
False
Is 14905567 prime?
True
Is 114196757 prime?
True
Is 969851 a composite number?
False
Is 7485461 composite?
False
Is 102758485 a composite number?
True
Is 2235127 composite?
False
Is 1191773 prime?
False
Is 24070954 a prime number?
False
Is 407787 prime?
False
Is 35894437 prime?
True
Is 1809197 composite?
True
Is 420671 composite?
False
Is 198475417 a composite number?
True
Is 4853363 composite?
True
Is 841926599 prime?
True
Is 124512217 a composite number?
True
Is 73180649 a prime number?
True
Is 54005153 a composite number?
False
Is 156442393 composite?
False
Is 147445733 a prime number?
True
Is 400109 composite?
False
Is 17128637 a prime number?
True
Is 4353229 a composite number?
True
Is 6689909 a composite number?
False
Is 7986529 a prime number?
True
Is 40620779 a composite number?
False
Is 407271 composite?
True
Is 8198521 composite?
False
Is 8236379 a prime number?
True
Is 35319799 a prime number?
True
Is 8554985 a composite number?
True
Is 2774897 composite?
False
Is 4882447 composite?
True
Is 8066519 a prime number?
False
Is 8855593 a composite number?
False
Is 40638901 a composite number?
True
Is 4807591 a prime number?
False
Is 3121121 composite?
False
Is 1018205 composite?
True
Is 1274233 prime?
False
Is 1269683 a composite number?
False
Is 30279931 prime?
False
Is 397071053 composite?
True
Is 149385059 composite?
False
Is 11086697 composite?
False
Is 46861279 prime?
True
Is 33230749 composite?
True
Is 176854 a prime number?
False
Is 77268629 composite?
False
Is 105751799 a prime number?
True
Is 52935401 a composite number?
False
Is 1628522449 prime?
True
Is 13110967 a prime number?
True
Is 57383 composite?
False
Is 65032303 a prime number?
False
Is 15367619 a prime number?
False
Is 62894053 a prime number?
True
Is 37601507 a prime number?
True
Is 6465881 composite?
True
Is 56669 composite?
True
Is 167044001 composite?
True
Is 13960007 composite?
False
Is 7495727 a prime number?
True
Is 19484435 a prime number?
False
Is 4425341 a composite number?
True
Is 77228491 composite?
True
Is 2559121 composite?
False
Is 1080787 composite?
False
Is 38374727 composite?
True
Is 446817457 prime?
True
Is 769001 a prime number?
False
Is 2867147 a prime number?
False
Is 401486443 composite?
False
Is 301831 a composite number?
False
Is 155159 a prime number?
False
Is 496283 a composite number?
False
Is 126651002 a prime number?
False
Is 3072907 prime?
False
Is 595139 prime?
True
Is 4138801 prime?
False
Is 39430301 a composite number?
True
Is 287085527 prime?
True
Is 7847857 prime?
True
Is 339523469 a prime number?
False
Is 413737 a prime number?
True
Is 16352347 prime?
False
Is 3125939 prime?
False
Is 984167 a prime number?
True
Is 52796837 prime?
False
Is 15298937 a composite number?
True
Is 30619957 a composite number?
True
Is 597108851 a composite number?
True
Is 59274863 a prime number?
True
Is 1686109 prime?
True
Is 2476541 a prime number?
True
Is 285975407 a composite number?
False
Is 66428539 composite?
False
Is 37447667 a prime number?
False
Is 25180481 a composite number?
False
Is 4698091 prime?
